inder when w is divided by 23.
22
What is the remainder when 1234/12 + 1 + (-21)/(-126) is divided by 17?
2
Let x = 1753 - 1633. What is the remainder when x is divided by 50?
20
Let f(b) = -b**3 - 5*b**2 - 11*b - 21. Calculate the remainder when f(-7) is divided by 52.
50
Let v(x) = 1 + 2 + 8*x - 1. Let k be 5/(((-10)/1)/(0 + -4)). What is the remainder when 69 is divided by v(k)?
15
Suppose 3*m = 2*d - 281, 19*m + 1 = 20*m. What is the remainder when 844 is divided by d?
134
Let u(c) = -c**2 + 8*c. Let n be u(5). Let w = 23 - n. Suppose -3*j = -w - 28. Calculate the remainder when 33 is divided by j.
9
Let g(k) = -9*k**3. Let t be g(1). Let f = 93 + t. Suppose -7 = -3*r + 5*i + 32, f = 5*r - 2*i. Calculate the remainder when 53 is divided by r.
17
Suppose -5*k - f + 0*f = -475, -307 = -3*k - 5*f. Let q = k - 26. Suppose -q = -5*p + p. What is the remainder when p is divided by 5?
2
What is the remainder when 157 is divided by ((-684)/152)/((-2)/12)?
22
Let g(d) = 6*d**2 + 6*d - 8. Let h(b) = -9*b**2 - 9*b + 13. Let m(o) = 8*g(o) + 5*h(o). Calculate the remainder when 29 is divided by m(-2).
1
Let v(m) = 3*m - 5. Suppose 5*d = -5*b + 10, -37*b = d - 32*b + 14. What is the remainder when v(5) is divided by d?
4
What is the remainder when 1077 is divided by 2*(-18)/(-8)*30?
132
Let o = -6 - -9. Let p = 746 + -702. Suppose -p = -c + 3*g + 2*g, 88 = 2*c - o*g. What is the remainder when c is divided by 9?
8
Suppose -497 = 5*t - 997. Calculate the remainder when t is divided by 18.
10
Suppose 3 = -2*y + y + 5*z, -4 = -2*z. Calculate the remainder when 3 + 16*12/8 is divided by y.
6
Let l be 4/18*-12 - (-4)/(-12). What is the remainder when 207 is divided by (l/(9/6))/(8/(-208))?
51
Let n(y) = -2*y**2 + 3*y + 4. Let o be n(3). Let p = 10 + o. Suppose 0 = -w - 2*w + 27. Calculate the remainder when w is divided by p.
4
Let q(b) = b**2 - 7*b + 24. Calculate the remainder when 89 is divided by q(8).
25
Let c(z) = 2*z**2 - 4*z. Let m be c(2). Let p(h) = h**3 + h**2 - 2*h + 103. What is the remainder when p(m) is divided by 26?
25
Let j(d) = 3*d**2 - 5*d + 14. What is the remainder when j(3) is divided by 24?
2
Let m = 10 + -14. Let q be 33/(-27) - -2 - 2/(-9). Calculate the remainder when (-315)/(-12) + q/m is divided by 15.
11
Suppose 0 = -r + 52 - 42. Let y be (2/2)/(9/(-36)). Let o(n) = n**3 + 6*n**2 + 2*n + 3. Calculate the remainder when o(y) is divided by r.
7
Suppose 114 = 7*z + 16. What is the remainder when 41 is divided by z?
13
Let d(w) = 7*w. Suppose 0*r + 26 = 2*r + 2*s, r - 2*s = -2. What is the remainder when d(4) is divided by r?
4
Suppose -274*f + 292*f = 432. Let q(l) = -4*l. Let g be q(-1). Let z = 13 - g. Calculate the remainder when f is divided by z.
6
Let r = -2030 - -2284. What is the remainder when r is divided by 37?
32
Let x be 6/(-21) - (-23)/7. Suppose 7*a - x = 347. Calculate the remainder when a is divided by 26.
24
Suppose 5*c - 956 = -5*y - 161, -2*y = -4*c + 630. Calculate the remainder when c is divided by 53.
52
Let m = -109 + 196. Suppose -3*c + 5*s + 22 = -83, 0 = -4*s - 12. What is the remainder when m is divided by c?
27
Let n = -13 + 27. Suppose 0 = -5*h + n + 6. Let o(k) = -111*k + 347. Calculate the remainder when o(3) is divided by h.
2
Suppose 3*o + 6 = -0. What is the remainder when 56 is divided by (o - -1)/(3/(-66))?
12
Suppose -3*l - 10 = 5*p, -l - 11 = 4*p + 2*l. Let f be 11/(-55) + 2/10. Suppose 2*v + r = -p, f = 5*v + r + 3 - 5. What is the remainder when 4 is divided by v?
0
Suppose 5*d = g - 46, 144 = -49*g + 51*g + 3*d. Suppose -4 - 31 = -5*w. What is the remainder when g is divided by w?
3
Let v = -62 + 53. Suppose -3*b = -32 - 7. What is the remainder when 75*(-1)/(-2)*(-12)/v is divided by b?
11
Let h be 0 - (-8)/4 - 0. Let y(t) = t**2 - 8*t - 10. Calculate the remainder when 3*13 + (h - 3) is divided by y(10).
8
Let b = 18 - 23. Let o(f) = 3*f**2 - 4*f + 11. What is the remainder when o(b) is divided by 27?
25
Suppose -4*t = -9 + 1. Let g be (t/(-8) - -2)*4. Suppose 2*f - 2 = g*m - 2*m, -2*f - 3*m + 18 = 0. What is the remainder when f is divided by 2?
0
Let k(n) = n**3 + 9*n**2 - 2*n + 9. Calculate the remainder when k(-6) is divided by 33.
30
Suppose 2*u - 100 = -2*u. Suppose -90 = -5*w - u. What is the remainder when w is divided by 4?
1
Suppose 0 = 3*l - 3, -2*k + 0*k = l - 3. What is the remainder when k*((-4)/10 - 3689/(-35)) is divided by 29?
18
Suppose -130 = -4*b + 7*x - 10*x, 4*b - 2*x = 140. Let p = 2 - -1. Suppose -d + 5*y - 3*y = -5, 4*y + 19 = p*d. What is the remainder when b is divided by d?
7
Suppose -m + 27*m - 520 = 0. Calculate the remainder when 104 is divided by m.
4
Let t = -9 - -16. Suppose -17*m = -24 + 75. Let z(g) = -g**3 - 3*g**2 - 9*g. What is the remainder when z(m) is divided by t?
6
Suppose -2496 = -151*q + 127*q. Calculate the remainder when q is divided by 36.
32
Suppose -136 = 5*z + 9. Let r = z - -42. Suppose -240 = -11*i + 6*i. Calculate the remainder when i is divided by r.
9
Suppose 17*p + 11 = 691. Calculate the remainder when 237 is divided by p.
37
Suppose 2*t - 12 = 30. Suppose -2*l - 4*m + 1373 - 223 = 0, m = -5. Suppose 2*x - l = -13*x. Calculate the remainder when x is divided by t.
18
Let n(x) = -x**3 + 7*x**2 + 10*x - 3. Let u be n(7). Suppose 5*i - u = 28. Calculate the remainder when 37 is divided by i.
18
Let y = 134 + -128. Calculate the remainder when 45 is divided by y.
3
Let f = -7 - -14. Suppose f = -5*m + 5*z + 22, m + 4*z + 2 = 0. Suppose 0 = m*k + 10 - 24. Calculate the remainder when 27 is divided by k.
6
Let z be (1 - 4)/((-15)/(-20)). Let a(g) = 4 - 9*g - 5*g + 1. What is the remainder when a(z) is divided by 31?
30
Suppose -4*v = -12*v + 5080. What is the remainder when v is divided by 53?
52
Suppose 4 = u, -33 = -4*t - 5*u + 19. Let l(d) = 16*d + 19. What is the remainder when l(t) is divided by 39?
30
Let h(q) be the first derivative of -q**3/3 + 7*q**2/2 + 2*q - 1. Let w be 44/11 - (0 - 0). Calculate the remainder when 26 is divided by h(w).
12
Suppose -2*t - 2 = 0, -3*p + t - 5*t - 40 = 0. Let c(r) = -r**2 - 12*r + 5. What is the remainder when 19 is divided by c(p)?
4
Suppose 8320 = 105*d - 53*d. What is the remainder when d is divided by 46?
22
Let p = 125 - 115. Suppose p = -c + 61. Let r = -42 - -60. What is the remainder when c is divided by r?
15
Let a(v) = v**2 - 3*v - 322. Calculate the remainder when a(-21) is divided by 26.
0
Suppose 4*p + 5*y + 44 = 167, -3*p + y = -97. Calculate the remainder when 69 is divided by p.
5
Let u(q) = -6*q**2 + 2*q - 2. Let r be u(0). What is the remainder when 91 is divided by ((-1)/r)/(((-91)/(-644))/13)?
45
Suppose -s - c = -6*c + 12, 15 = 3*s + 2*c. Calculate the remainder when 139 is divided by s.
1
Suppose 16*g = 5*r + 19*g - 1010, -6*g + 606 = 3*r. What is the remainder when r is divided by 12?
10
Suppose 4*c = -12, -y + 0*c - 5*c + 4 = 0. Suppose -17*u - 76 = -y*u. What is the remainder when u is divided by 8?
6
Let r(y) = -y**3 - 12*y**2 - 4*y - 56. Let l be r(-12). What is the remainder when 18 is divided by (l/6)/(32/(-120))?
3
Suppose -3212 = -13*r + 753. Calculate the remainder when r is divided by 78.
71
Let v(h) = 4*h**3 - 16*h**2 + h + 5. Suppose -2*p - 3 = -21. Suppose -u = 2*u - p. What is the remainder when v(4) is divided by u?
0
Let a = -15 - -957. Calculate the remainder when a is divided by 79.
73
Let p = -112 - -110. Calculate the remainder when 103 is divided by (8 + -116)/(-4 - p).
49
Suppose 7*m = 2*g + 3*m - 8, -g - 5 = -5*m. Calculate the remainder when 299 is divided by g.
9
Let o be (-45332)/(-196) + (-2)/7. Let g = o + -141. What is the remainder when g is divided by 31?
28
Let v = -1252 - -1414. What is the remainder when v is divided by 13?
6
Let y(v) = 2*v**3 + 1. Let u be y(1). Suppose 7*s - 49 = 4*s - 5*n, u*n + 81 = 3*s. Calculate the remainder when 90 is divided by s.
21
Suppose 4*w + 1 = 2*p - 139, 0 = 4*p + 2*w - 320. Calculate the remainder when 387 is divided by p.
75
Calculate the remainder when (-4 + 3)*7 - (4 + -147) is divided by 13.
6
Let s = -1302 - -1564. Calculate the remainder when s is divided by 28.
10
Let g(s) = -s**2 - 9*s + 8. Let x be 20/6*6/4. Suppose -35 = -4*m + x*t + 104, -127 = -4*m + t. Calculate the remainder when m is 